at is the ten thousands digit of 16168546?
6
What is the thousands digit of 7370875?
0
What is the hundred thousands digit of 11175609?
1
What is the tens digit of 184969?
6
What is the thousands digit of 214559?
4
What is the hundreds digit of 309236?
2
What is the tens digit of 7109579?
7
What is the tens digit of 536338?
3
What is the thousands digit of 1671839?
1
What is the thousands digit of 27668889?
8
What is the ten thousands digit of 276694?
7
What is the hundreds digit of 88184?
1
What is the ten thousands digit of 279624?
7
What is the hundred thousands digit of 482923?
4
What is the hundred thousands digit of 5969443?
9
What is the units digit of 61113?
3
What is the hundred thousands digit of 4207869?
2
What is the ten thousands digit of 780733?
8
What is the thousands digit of 1389605?
9
What is the hundred thousands digit of 11281974?
2
What is the tens digit of 1209789?
8
What is the tens digit of 65171?
7
What is the units digit of 123877?
7
What is the thousands digit of 1148303?
8
What is the tens digit of 335495?
9
What is the units digit of 964087?
7
What is the ten thousands digit of 3237086?
3
What is the thousands digit of 10372?
0
What is the ten thousands digit of 7468053?
6
What is the hundred thousands digit of 111884?
1
What is the thousands digit of 675014?
5
What is the thousands digit of 710113?
0
What is the hundred thousands digit of 655178?
6
What is the tens digit of 70340?
4
What is the hundred thousands digit of 196426?
1
What is the thousands digit of 8259672?
9
What is the hundreds digit of 4653376?
3
What is the units digit of 2936822?
2
What is the hundreds digit of 6685719?
7
What is the hundreds digit of 130917?
9
What is the units digit of 130354?
4
What is the tens digit of 7913767?
6
What is the hundred thousands digit of 133598?
1
What is the hundreds digit of 518198?
1
What is the units digit of 4502553?
3
What is the units digit of 1642791?
1
What is the units digit of 5091?
1
What is the units digit of 440628?
8
What is the millions digit of 1171328?
1
What is the ten thousands digit of 213818?
1
What is the hundreds digit of 2294454?
4
What is the hundreds digit of 1458791?
7
What is the tens digit of 270198?
9
What is the thousands digit of 273455?
3
What is the tens digit of 6393899?
9
What is the thousands digit of 300328?
0
What is the tens digit of 449737?
3
What is the hundreds digit of 1523497?
4
What is the units digit of 4123155?
5
What is the hundreds digit of 1534279?
2
What is the tens digit of 98170?
7
What is the units digit of 2073689?
9
What is the hundreds digit of 86290?
2
What is the units digit of 6208338?
8
What is the hundred thousands digit of 791489?
7
What is the ten thousands digit of 3310882?
1
What is the millions digit of 3832842?
3
What is the thousands digit of 15428014?
8
What is the ten millions digit of 15348474?
1
What is the tens digit of 344179?
7
What is the units digit of 3107006?
6
What is the hundreds digit of 216267?
2
What is the ten thousands digit of 940692?
4
What is the tens digit of 12230254?
5
What is the thousands digit of 94513?
4
What is the thousands digit of 169114?
9
What is the tens digit of 244339?
3
What is the millions digit of 3824499?
3
What is the hundreds digit of 20253230?
2
What is the units digit of 1063107?
7
What is the tens digit of 3295652?
5
What is the hundred thousands digit of 556476?
5
What is the ten thousands digit of 211726?
1
What is the tens digit of 8445651?
5
What is the millions digit of 5818537?
5
What is the hundreds digit of 15023900?
9
What is the hundreds digit of 209140?
1
What is the tens digit of 12604?
0
What is the ten thousands digit of 359727?
5
What is the units digit of 104907?
7
What is the thousands digit of 39482?
9
What is the tens digit of 1791352?
5
What is the thousands digit of 180146?
0
What is the hundred thousands digit of 3319679?
3
What is the ten thousands digit of 136506?
3
What is the thousands digit of 1847274?
7
What is the hundreds digit of 240768?
7
What is the units digit of 88687?
7
What is the hundred thousands digit of 989205?
9
What is the hundreds digit of 1261594?
5
What is the hundred thousands digit of 323197?
3
What is the hundreds digit of 55295?
2
What is the thousands digit of 116032?
6
What is the millions digit of 31882277?
1
What is the units digit of 197355?
5
What is the tens digit of 31298894?
9
What is the units digit of 2959824?
4
What is the units digit of 5378604?
4
What is the thousands digit of 99437?
9
What is the tens digit of 9373?
7
What is the tens digit of 199621?
2
What is the millions digit of 1111327?
1
What is the millions digit of 26801780?
6
What is the hundreds digit of 1538228?
2
What is the hundreds digit of 187397?
3
What is the hundreds digit of 12424681?
6
What is the hundred thousands digit of 6997548?
9
What is the millions digit of 3648787?
3
What is the thousands digit of 10835196?
5
What is the hundred thousands digit of 328571?
3
What is the hundred thousands digit of 1506372?
5
What is the ten thousands digit of 93191?
9
What is the hundreds digit of 1297953?
9
What is the tens digit of 198739?
3
What is the thousands digit of 1358807?
8
What is the ten thousands digit of 3032890?
3
What is the ten thousands digit of 1657177?
5
What is the tens digit of 30923?
2
What is the tens digit of 1153280?
8
What is the hundreds digit of 15349?
3
What is the units digit of 128689?
9
What is the hundreds digit of 938729?
7
What is the millions digit of 1655841?
1
What is the hundreds digit of 937830?
8
What is the hundred thousands digit of 316997?
3
What is the tens digit of 106773?
7
What is the hundreds digit of 29838?
8
What is the thousands digit of 329929?
9
What is the millions digit of 2659921?
2
What is the ten thousands digit of 639188?
3
What is the units digit of 467454?
4
What is the hundred thousands digit of 10944500?
9
What is the hundred thousands digit of 3153387?
1
What is the thousands digit of 12601822?
1
What is the ten thousands digit of 2250132?
5
What is the hundred thousands digit of 255003?
2
What is the hundreds digit of 7424039?
0
What is the millions digit of 6275978?
6
What is the tens digit of 1347910?
1
What is the hundred thousands digit of 1106811?
1
What is the tens digit of 224708?
0
What is the thousands digit of 17856?
7
What is the hundred thousands digit of 3627292?
6
What is the hundred thousands digit of 1385572?
3
What is the hundred thousands digit of 113852?
1
What is the tens digit of 15548728?
2
What is the units digit of 7994571?
1
What is the ten thousands digit of 10429473?
2
What is the hundred thousands digit of 2429467?
4
What is the thousands digit of 173215?
3
What is the tens digit of 101871?
7
What is the hundreds digit of 156814?
8
What is the ten thousands digit of 3682193?
8
What is the thousands digit of 3455076?
5
What is the thousands digit of 170519?
0
What is the tens digit of 4712547?
4
What is the units digit of 11911221?
1
What is the hundred thousands digit of 440474?
4
What is the millions digit of 1336783?
1
What is the units digit of 419662?
2
What is the hundreds digit of 6774?
7
What is the ten millions digit of 16880293?
1
What is the units digit of 1785771?
1
What is the units digit of 1150450?
0
What is the tens digit of 8228152?
5
What is the thousands digit of 640130?
0
What is the hundred thousands digit of 3166728?
1
What is the hundred thousands digit of 221615?
2
What is the hundred thousands digit of 1852356?
8
What is the tens digit of 38642?
4
What is the hundred thousands digit of 739742?
7
What is the hundred thousands digit of 882962?
8
What is the ten thousands digit of 397292?
9
What is the millions digit of 3566540?
3
What is the thousands digit of 559767?
9
What is the units digit of 642?
2
What is the ten thousands digit of 1024798?
2
What is the ten thousands digit of 442304?
4
What is the ten thousands digit of 92308?
9
What is the tens digit of 5975768?
6
What is the hundred thousands digit of 728342?
7
What is the hundreds digit of 983227?
2
What is the tens digit of 715197?
9
What is the thousands digit of 2112655?
2
What is the units digit of 187691?
1
What is the hundred thousands digit of 619560?
6
What is the thousands digit of 481